 5*g = 4*g - 1, -2*g + 25 = 3*z. Let s(c) = 14 - 157*c + 165*c + c**3 - 4 - 10*c**2. What is s(z)?
1
Let r(b) = -2*b**2 - 4*b + 5. Let t(y) = -y**2 + 13*y + 30. Let w be t(14). Suppose -p - 3*p - w = 0. Determine r(p).
-11
Let i(u) = -u - 14. Let x = -269 + 261. Calculate i(x).
-6
Suppose -4 = -9*v + 10*v. Let d(b) = b**3 + 4*b**2 - b + 2. Give d(v).
6
Suppose -3*w - 17 = -4*m, 4*w - 5 = -4*m + 3*w. Let p be (-27)/(-12) - 3/12. Let o(n) = -p + 5*n - 5*n + 4*n. Calculate o(m).
6
Let i be 11*(-20)/(-55) + -13 + -1. Let t(o) = -3*o - 27. Determine t(i).
3
Let w(x) be the third derivative of -x**4/24 + x**3/6 + x**2. Let n be 1 + 5 - 36/9. Suppose 4 = o - n*o. What is w(o)?
5
Let u = 20 + -27. Let b(a) be the third derivative of a**4/12 + 5*a**3/3 + 8*a**2 + 4. What is b(u)?
-4
Let n(j) = 3*j**2 + 14*j - 13. Let p(c) = 7*c - 5 + c**2 + 1 - 2. Suppose 13*y = -16 - 10. Let g(u) = y*n(u) + 5*p(u). What is g(6)?
2
Let r be (-1)/7 + (-800)/(-112). Let y(x) = x**3 - 7*x**2 - x - 4. What is y(r)?
-11
Let n(d) = -d**2 - 7*d - 5. Let s(t) = t + 11. Let l be s(-18). Let f = l - -9. Suppose 3*g - x = -19, 0 = f*g - 4*x + 2*x + 10. Calculate n(g).
-5
Let f(i) be the first derivative of -5*i**3/3 - 3*i + 25. Let s(b) = -1. Let w(g) = -f(g) + 3*s(g). Determine w(1).
5
Let o(g) = g**2 - 2*g + 3. Let q(s) = -4*s**2 + 9*s - 13. Suppose -2*i + 2*d = 22, 0 = 3*i - 8*i + 3*d - 51. Let c(h) = i*o(h) - 2*q(h). What is c(2)?
-5
Let w(z) be the first derivative of -z**4/4 - 5*z**3/3 - z**2/2 - 9*z + 297. Calculate w(-5).
-4
Let a(y) be the third derivative of 0 + 5/24*y**4 + 0*y + 7*y**2 + 1/60*y**5 + 2/3*y**3. Let f be (1 - 2)*(0 - -3). Give a(f).
-2
Let p be (-3)/2*(5 - 68/12). Let i(d) = 2*d**2 + 2*d - 1. Let x be i(1). Let f(b) = 7*b - 7*b + b + x*b. Determine f(p).
4
Let d(g) = -g - 2. Suppose 2*t = 3*y - 10 + 3, -13 = -5*y + 3*t. Calculate d(y).
-7
Let d(y) be the first derivative of -2*y**3/3 - 7*y**2 - 6*y - 24. Determine d(-6).
6
Let g(p) = 14*p**3 - 5*p**2 - 3. Let f = -14 - -10. Let w(u) = -u**3 - u**2 - 1. Let x(y) = f*w(y) + g(y). Determine x(-1).
-18
Suppose -3*w = -0*w + 72. Let v = w - -23. Let q(z) = -6*z + 2. Let d(o) = -17*o + 5. Let r(b) = 3*d(b) - 8*q(b). Give r(v).
2
Let t(q) = q**3 + 3*q**2 - 2*q + 3. Suppose -9*u = -4*u - 20. Suppose k = 1, -u*f + 4*k - 19 = k. Determine t(f).
-5
Let v(x) = -x**2 + 5*x. Let q be (20/15 + -2)/((-2)/12). Give v(q).
4
Let f be (-132)/(20/(-5)) + (5 - 1). Suppose 0 = -31*s + f*s - 12. Let c(t) = -2*t**3 + 2*t**2 + 3*t - 2. Determine c(s).
-4
Let u(a) = -2 + 1 - 7*a + 2. Suppose -4*j - 47 = 1. Let q be (-4)/3 - j/36. What is u(q)?
8
Let h be (810/20)/((-1)/(-2)). Let s = h - 86. Let b(y) be the first derivative of -y**3/3 - 3*y**2 - 4*y - 2. Determine b(s).
1
Let k(s) = 2 + 31*s**2 - 2*s**3 - 23*s**2 - 6*s**2 - s. What is k(3)?
-37
Let b be 268/(-15) - (-22)/(-165). Let w be 27/b + 10/(-4). Let o(x) = 2*x**2 + 6*x + 4. Calculate o(w).
12
Let y(r) = 70 - 133 + 63 - r. Let d be ((-12)/(-18))/(2/(-21)). What is y(d)?
7
Let i(t) = 2*t - 70. Let g(f) = 2*f**3 + 53*f**2 - 26*f + 60. Let q be g(-27). What is i(q)?
-4
Suppose -2*x = 3*x + 30. Let y = 13 + x. Let h(c) = 2*c**2 + 3*c - 6. Let r(k) = 3*k**2 + 7*k - 10. Let m(u) = -5*h(u) + 3*r(u). Give m(y).
-7
Let x(j) be the first derivative of 4*j**2 + 11*j + 7. Let c(s) = -7*s - 11. Let d(w) = 7*c(w) + 6*x(w). Let p be (3/(-9)*0)/(-1). Determine d(p).
-11
Suppose -2*h - 83 = 5*t, -4*h = -7*h - 12. Let o be 3/2 - t/(-6). Let f(w) = 5*w. What is f(o)?
-5
Let c(m) = m + 4. Let k = 77 + -45. Let o = -45 + k. Let d be (o + 13)/(-1 - -3). Determine c(d).
4
Suppose -7*t + 10*t = 81. Let y = 31 - t. Let f(g) = y - 1 - 8*g**2 + g + 0*g**2 + 3 - g**3. Calculate f(-8).
-2
Let j(q) be the second derivative of -q**3/6 + 7*q**2 + 38*q. Calculate j(5).
9
Let n be (152/(-133))/((-4)/14). Suppose 2*q - 4*s = 8, -n*q - 4*s + 2*s + 6 = 0. Let g(o) = -4*o**3 - 6*o**q + 10*o**3 + 6*o**2 - o**2. What is g(1)?
5
Suppose 43 + 41 = -6*f. Let m(l) = l + 19. Calculate m(f).
5
Let b = 92 + -93. Let o(z) = 2*z + 1. Let k(w) = -8*w - 8. Let n(v) = b*k(v) - 3*o(v). Determine n(6).
17
Let n(j) = j**3 + 9*j**2 + 9*j + 2. Let r be n(-7). Suppose 3*i = -5*w - r, -i + 37 = -4*w + 4. Let o(x) = -x**3 - 8*x**2 - 2*x - 9. What is o(w)?
7
Let x(y) be the first derivative of -2*y**2 - 3*y + 1. Suppose -13 = 4*i + 11. Let a be i/(-2) + -1 - 4. Give x(a).
5
Let j(g) be the third derivative of -g**5/30 - 3*g**4/2 - 16*g**3/3 - 1000*g**2. Determine j(-17).
2
Let r(o) = -o + 5. Let v(s) = s - 5. Let k(z) = -6*r(z) - 5*v(z). Let p = -132 + 132. Calculate k(p).
-5
Suppose d + 4 = -16*v + 15*v, -2*v = -3*d - 22. Let t(o) be the third derivative of -o**4/24 + 2*o**3/3 - o**2. Determine t(d).
10
Let r = -7 + 6. Let t(v) be the third derivative of 1/6*v**3 + 1/8*v**4 + 0*v + 0 - 5*v**2. Determine t(r).
-2
Suppose 0 = 4*d + 4*r + 8 - 4, 0 = 5*r + 15. Let s(y) = y**2 - 4. Calculate s(d).
0
Let o(w) = 7*w**3 - 8 - 21*w**3 - 2*w - 19*w**2 + 15*w**3 + 26*w**2. Let t be (-4)/6 - 57/9. Let k(p) = -p**3 - 6*p**2 + 8*p. Let q be k(t). Give o(q).
6
Let z(b) = -3 - 2*b + 7*b + 7*b - 11*b - 3. Give z(0).
-6
Let t(c) = -c + 1. Suppose x - 2*g + 31 = 2*x, -2*g - 114 = -4*x. Let i = x - 22. Calculate t(i).
-6
Let h(w) = 4*w. Let n be h(1). Let u be (n - 3)*-1*-3. Let o(c) = 3*c**2 - 5*c**2 + u*c**2. Give o(1).
1
Let j(d) = d**2 + 2*d - 3. Let q be j(-3). Let t(n) be the first derivative of -n**4/4 - n**3/3 + 127. Give t(q).
0
Let a(n) = -n**3 + 4*n**2 + 5*n + 1. Let i be a(5). Let x be (-3)/(i - 123/114). Let o be -5*(-3 + x/10). Let j(s) = -s**3 - 4*s**2 + s + 1. Give j(o).
-3
Let f(m) = -m**2 - 6*m - 3. Suppose 2*u = 2*r + 5 - 27, 2*r = -4*u - 56. Let b = u + 9. What is f(b)?
5
Suppose 8 = -o + 4*s, -o = -2*s + 2 + 4. Let m(g) = -g + 5. Let k(z) = 2*z - 11. Let i be (1 + 4)/(3/(12/(-4))). Let h(t) = i*m(t) - 2*k(t). Calculate h(o).
-7
Let r(l) = -l + 9. Let k = 26 - -50. Suppose 56 = 3*f + i - 2*i, -4*f + i + k = 0. Suppose -2*s + f = 3*s. Calculate r(s).
5
Let f(y) = 7 - 2*y**3 + 6*y**2 + 2*y**3 - y**3. Suppose -2*o + 33 = 5. Suppose -o + 8 = -h. Give f(h).
7
Let d = -33 + 34. Suppose -4*m - 26 = 2*r, 2*m + 3*r = -22 - d. Let c(x) = -3*x - 2. Determine c(m).
10
Let o(s) be the second derivative of -22*s**3/3 + s**2/2 - 225*s. Give o(1).
-43
Let g(w) = 2*w - 5. Let v(b) = -2*b + 6. Let c = -8 + 13. Let n(l) = c*g(l) + 4*v(l). Suppose 10 = 4*z - y, -z + 2*y = 5*y + 4. Calculate n(z).
3
Let k be (-10)/(-75) - (-296)/30. Let h be k - (0 + 1) - 1. Let y(w) = -5*w - 4*w + 1 + h*w. What is y(2)?
-1
Let y(a) = 3*a + 42. Let z be y(-13). Suppose 0 = -s - 4*f, -s = -z*s - 5*f. Let m(o) = o - 5. What is m(s)?
-5
Suppose -35 = 3*r - 4*z, 5*r = 11*r + 2*z + 20. Let n(w) = -3*w + 3. Determine n(r).
18
Let g(f) be the first derivative of f**4/4 + 2*f**3 + 2*f**2 + 6*f - 110. Calculate g(-4).
22
Let r(n) = -n**3 - 5*n**2 - 3*n. Suppose -4*k + 0 = 4*d - 116, 0 = 5*d + 3*k - 155. Suppose 2*q = x - 15, -2*x = -3*q - d + 9. Calculate r(q).
15
Let i be (2 + 0)/(-2 + 0). Let u(v) = -v. Let l(h) = -255 + 86 + 90 + h + 83. Let s(r) = i*l(r) - 3*u(r). Give s(-5).
-14
Let f = 302 - 298. Let y(a) = -a**3 + 5*a**2 - 3*a - 7. Determine y(f).
-3
Let p(y) be the third derivative of -y**6/120 + 2*y**5/15 - 3*y**4/8 - 8*y**3/3 - 9*y**2. Let x be p(6). Let a(r) = -r**3 + 5*r**2 - r - 1. What is a(x)?
9
Let t(g) be the second derivative of -g**5/20 + 5*g**4/12 + 5*g**3/3 - 4*g**2 - 53*g. What is t(6)?
16
Let n(a) = 2*a + 2*a - a + 33 + 35 - 76. Calculate n(6).
10
Suppose -5 - 1 = -3*m. Suppose -k - m*k + 12 = 0. Suppose 0*b - k*b = -12. Let x(h) = h**3 - 4*h**2 + 2*h + 3. Determine x(b).
0
Let v(o) = 4*o**2 - 7*o + 10. Let g(n) = -n**2 - 2. Let a(i) = 3*g(i) + v(i). Calculate a(4).
-8
Suppose 0*l = -2*l + 2. Suppose 0 = -3*o + 4*s + 22, -5*o = -2*s - 17 - l. Let c(g) = -g**3 + 78*g**o - 73*g**2 - 4*g + 0 - 2. What is c(4)?
-2
Let a(w) = w**2 - 7*w + 6. Suppose -2*o + 35 = 9. Let b be (o/26)/(2/16). Let p be (10/b)/(-5)*-10. What is a(p)?
-4
Let l(m) be the third derivative of 18*m**2 - 1/60*m**6 + 0 + 0*m**5 + 0*m - 1/2*m**3 - 1/12*m**4. Calculate l(-2).
17
Let z(o) = -7*o - 7. Suppose -22*i + 57 = -41*i. Calculate z(i).
14
Let n(b) = -2*b + 9. Let u = 5 - -2. Let c =